12b
In base 8, what is -26701 + -314?
-27215
In base 4, what is 1020133133 + -1?
1020133132
In base 11, what is 69 + -2a96?
-2a28
In base 3, what is 10110210020 - -10?
10110210100
In base 12, what is -1a8 + 242?
56
In base 14, what is -9167c - -a?
-91672
In base 15, what is b77e - 17?
b767
In base 13, what is 1a7 + c5?
29c
In base 9, what is 3 + 35806?
35810
In base 13, what is 173 - -9c?
242
In base 16, what is 2 - e37?
-e35
In base 9, what is 514858 + 4?
514863
In base 5, what is 32 - 3031?
-2444
In base 4, what is -11 + 11103223?
11103212
In base 15, what is -4 + 262?
25d
In base 7, what is -1 - -1464546?
1464545
In base 14, what is 2395 - -b?
23a2
In base 15, what is 1 - 5487?
-5486
In base 16, what is -4 - -f0c2d?
f0c29
In base 7, what is -12 + -164233?
-164245
In base 8, what is -41561 - 2?
-41563
In base 13, what is 8 + -764?
-759
In base 16, what is -589a6 + -2?
-589a8
In base 13, what is 3ab5 - 2?
3ab3
In base 11, what is 6 - 11049?
-11043
In base 11, what is a3607 - -6?
a3612
In base 15, what is -39 - -1460?
1426
In base 13, what is 47a + 132?
5ac
In base 15, what is -56 + -23ca3?
-23d09
In base 3, what is 1200002221 - -11?
1200010002
In base 6, what is -302404 + 2?
-302402
In base 16, what is -3 + -2cc42?
-2cc45
In base 8, what is 14261 + 312?
14573
In base 13, what is -567 - 22?
-589
In base 12, what is -8 + -3a636?
-3a642
In base 10, what is -22267 + 2?
-22265
In base 14, what is -16 + -6bdd?
-6c15
In base 9, what is -52 + -851?
-1013
In base 12, what is 0 + -4855?
-4855
In base 15, what is ee4 + -10e?
dd5
In base 6, what is -254312 + 4?
-254304
In base 14, what is -6370 + -d2?
-6462
In base 4, what is 203 - -1110?
1313
In base 10, what is -1133 - 32?
-1165
In base 16, what is -1e87 - -a?
-1e7d
In base 14, what is 4 - -2a65?
2a69
In base 3, what is 2212 - 2212?
0
In base 16, what is 23 + 11d3?
11f6
In base 2, what is 10111010 - -1111010?
100110100
In base 15, what is -2 + -1428?
-142a
In base 11, what is 26603a + 2?
266041
In base 10, what is -17597 - 0?
-17597
In base 3, what is -10012 - -1020021?
1010002
In base 5, what is 24010203 - -23?
24010231
In base 4, what is -2 - 1212322?
-1212330
In base 6, what is -51332 - -53?
-51235
In base 14, what is -270 - 837?
-aa7
In base 6, what is 1102353102 + 2?
1102353104
In base 14, what is -1964a3 + -8?
-1964ab
In base 14, what is 77 - -199?
232
In base 14, what is -d2c - -c?
-d20
In base 16, what is 2c0a - 1d?
2bed
In base 13, what is -1c79 - -20?
-1c59
In base 15, what is -5 + -1108e?
-11094
In base 8, what is 2 + -1160126?
-1160124
In base 4, what is -11132 + 12?
-11120
In base 9, what is -1167 + 2342?
1164
In base 3, what is 1 + 20200102112?
20200102120
In base 10, what is -113 + -71?
-184
In base 3, what is -2221 + 102200101?
102120110
In base 16, what is -3b - 50?
-8b
In base 11, what is 4 + -692a2?
-69299
In base 14, what is -2 + 3056?
3054
In base 6, what is 35 - -134?
213
In base 7, what is -15 + -503?
-521
In base 12, what is -316 - 883?
-b99
In base 6, what is 1535412 - 5?
1535403
In base 7, what is -121216 + -4?
-121223
In base 10, what is 5 + 90767?
90772
In base 9, what is 14660 + -1?
14658
In base 13, what is 13 + -196?
-183
In base 5, what is -220024213 + -10?
-220024223
In base 7, what is 14 - 34340?
-34323
In base 7, what is 1306266 + -1?
1306265
In base 12, what is -62ba0 + -8?
-62ba8
In base 12, what is -17b - 423?
-5a2
In base 2, what is -110010000110 + 11000010?
-101111000100
In base 11, what is 2504 + -5?
24aa
In base 11, what is 5 + 5249?
5253
In base 5, what is -10 + -43004?
-43014
In base 6, what is 1453 - 245?
1204
In base 14, what is -15a5 - -4?
-15a1
In base 3, what is -11001102212 - -202?
-11001102010
In base 5, what is 104234241 - 4?
104234232
In base 2, what is -111001 + 1101001?
110000
In base 15, what is 2575a + b?
25766
In base 14, what is -10ca8 - -4?
-10ca4
In base 6, what is -2 + 13522334?
13522332
In base 14, what is 17004 + 2?
17006
In base 8, what is 77 - -673?
772
In base 4, what is 10221101 + -2?
10221033
In base 14, what is -1256 + -115c?
-23b4
In base 5, what is -244401111 - -10?
-244401101
In base 5, what is -4222 + 2?
-4220
In base 5, what is -1103141 - -10?
-1103131
In base 16, what is -2b29 + 3?
-2b26
In base 16, what is 2 + 16b37?
16b39
In base 7, what is -351 + -1153?
-1534
In base 3, what is -10221 + -12010122?
-12021120
In base 6, what is 105054 + -235?
104415
In base 5, what is 130 - 24320?
-24140
In base 9, what is -12 + -3283?
-3305
In base 8, what is 2634031 + -4?
2634025
In base 5, what is -121014 + 1024?
-114440
In base 7, what is 155 - 205660?
-205502
In base 15, what is 1 + 18999?
1899a
In base 9, what is 321 + -2878?
-2557
In base 14, what is c5689 + 2?
c568b
In base 8, what is 16 - -1254?
1272
In base 5, what is -30340311 + 2?
-30340304
In base 5, what is 210433 - -13?
211001
In base 2, what is -1010100001101101010 + -101?
-1010100001101101111
In base 3, what is -102201202201010 + 10?
-102201202201000
In base 16, what is -4 + 128e6?
128e2
In base 8, what is -3310 - -1211?
-2077
In base 6, what is 4202 + -15144?
-10542
In base 13, what is -499 + -192?
-65b
In base 12, what is 783 - 407?
378
In base 9, what is -20570 - 13?
-20583
In base 10, what is -74 - -42?
-32
In base 11, what is -1299 - 598?
-1886
In base 14, what is 22 - -1754?
1776
In base 9, what is 425 + -45?
370
In base 14, what is -c296 - 5?
-c29b
In base 14, what is 5 - -61b1?
61b6
In base 10, what is -1566 - -7?
-1559
In base 14, what is 2 + -5442?
-5440
In base 11, what is 273 - -2007?
227a
In base 5, what is -1 + -1040410?
-1040411
In base 5, what is 3031 + -1401?
1130
In base 3, what is -100 + -1001120?
-1001220
In base 9, what is 2 - 314055?
-314053
In base 14, what is -2 + -2d67?
-2d69
In base 6, what is 401042 - 22?
401020
In base 11, what is -149 + 390?
242
In base 12, what is 0 + 24337?
24337
In base 8, what is 757 - 2113?
-1134
In base 4, what is 303 + 2030?
2333
In base 3, what is -220 - 10111?
-11101
In base 14, what is 6b88 + -4a?
6b3c
In base 11, what is 152a465 - -1?
152a466
In base 4, what is -101 + -33013?
-33120
In base 10, what is 474 + -488?
-14
In base 12, what is 4 - -1962b?
19633
In base 6, what is 1 - 31145?
-31144
In base 16, what is -12c03 + 5?
-12bfe
In base 15, what is -3 - -3395?
3392
In base 15, what is -57 + 560?
508
In base 15, what is -8870d - 9?
-88717
In base 2, what is -1011010000000010 - 10?
-1011010000000100
In base 5, what is -43 - 3313?
-3411
In base 16, what is -1 - 163bc6?
-163bc7
In base 10, what is -343 + 2523?
2180
In base 8, what is 5210 + 65?
5275
In base 13, what is b7 - 18a0?
-17b6
In base 7, what is 6 + -5142?
-5133
In base 15, what is -3 - -628e?
628b
In base 8, what is -1574 - 106?
-1702
In base 8, what is 153557 - -17?
153576
In base 8, what is 665 + -257?
406
In base 5, what is 2 - -44001001?
44001003
In base 12, what is 1 + 5578?
5579
In base 9, what is -27 - 207?
-235
In base 15, what is 17a9 + 69?
1823
In base 7, what is -1630533 - -5?
-1630525
In base 6, what is -1 + 353202?
353201
In base 16, what is 4880 + -3f?
4841
In base 12, what is 0 - -71ab?
71ab
In base 2, what is 100100110 - -11110100?
1000011010
In base 16, what is -38 + -3ed?
-425
In base 15, what is -ebc - -198?
-d24
In base 6, what is -133 - -55300?
55123
In base 11, what is 98845 + 3?
98848
In base 13, what is 334129 + 2?
33412b
In base 4, what is -3111320221 - 3?
-3111320230
In base 8, what is -3 - 45405?
-45410
In base 5, what is 10 + -103123442?
-103123432
In base 12, what is 288858 - -1?
288859
In base 12, what is 80854 + 3?
80857
In base 10, what is 1075 + -22?
1053
In base 6, what is -2 + -5235324?
-5235330
In base 3, what is -112201220102 - 20?
-112201220122
In base 11, what is 106aa + a?
10709
In base 4, what is 0 + 113101213?
113101213
In base 3, what is -11 - -202012010?
202011222
In base 9, what is -351565 + 1?
-351564
In base 15, what is 92 + 1e25?
1eb7
In base 3, what is -12 - -122202?
122120
In base 9, what is 86437 - 5?
86432
In base 9, what is 750183 - -2?
750185
In base 4, what is 10 - 113312101?
-113312031
In base 8, what is 0 - 124?
-124
In base 15, what is -691b + -4?
-6920
In base 3, what is 100 + -1011021012?
-1011020212
In base 10, what is 28 + 292?
320
In base 10, what is -4352 - -80?
-4272
In base 3, what is -1 - -111